Suppose -93 = 4*u - 345. Let v(p) = -p**2 + 4*p + 4. Let w be v(3). Calculate the highest common divisor of u and w.
7
Let i = 16 + 44. Suppose -6*b + 2*b = 3*x - 79, -2*x + i = 3*b. Let f(n) = -5*n - 4. Let j be f(-3). Calculate the highest common divisor of b and j.
11
Suppose 2*z + 22 = 3*o + 4, -2*o = 0. Let h = 22 + z. What is the greatest common divisor of h and 91?
13
Let m be 7 + 0 - ((-3)/1)/1. Calculate the highest common divisor of 130 and m.
10
Let s(k) = -k**3 + 14*k**2 - 5*k + 12. Let u be s(6). What is the highest common factor of u and 30?
30
Let z(m) = m**2 - 6*m - 1. Let x = -2 - 0. Let i be 35/3 - x/(-3). Let p be z(i). What is the greatest common factor of p and 135?
27
Let a(m) = 2*m**3 - 8*m**2 - 20*m + 1. Let f be a(6). What is the highest common divisor of f and 20?
5
Suppose 2*i + 90 = 7*i. Let y(s) = -6*s. Let d be y(-6). Calculate the greatest common divisor of d and i.
18
Suppose 0 = 5*n - 7 - 3. Suppose 10*k = 12*k - 18. Suppose n*c = 4*m + 18, k = c - 0*c + 5*m. What is the greatest common divisor of 45 and c?
9
Let z be (-1755)/(-12) + 3/(-12). Let x be (-2)/(-3) - 888/9. Let p = x + z. Calculate the highest common divisor of 6 and p.
6
Suppose 2*l - 3*l = 0. Suppose l = -5*f - 3*b + 25, -3*f - f + 20 = -4*b. Let i be (4/f)/(1/5). Calculate the highest common factor of 12 and i.
4
Suppose -4*c + f + 513 = 4*f, 2*f = 6. Let w = -4 + 7. Suppose 5*y + 40 = 2*b + 2*y, 68 = 4*b - w*y. Calculate the greatest common factor of b and c.
14
Let l be (-7)/((-2 - -4)/(-2)). Suppose 4*s = 15 - l. Suppose s*c + c = 12. Calculate the greatest common factor of c and 36.
4
Let l = 11 + 0. Let i = -41 - -42. Calculate the highest common divisor of i and l.
1
Suppose 6*m + 385 = 11*m. Calculate the greatest common factor of m and 11.
11
Let k be 55/2 - (-2)/(-4). Let z be 10/3*k/2. Let u be (-1*2)/((-4)/10). What is the greatest common divisor of u and z?
5
Suppose -3*u + 8*u - 25 = -3*p, 0 = -5*u + 2*p. Suppose u*o = -3 + 19. Let g be ((-8)/6)/(o/(-12)). Calculate the highest common divisor of 18 and g.
2
Suppose 20*j + 348 = 3708. Calculate the greatest common divisor of 28 and j.
28
Suppose 2 + 0 = i. Suppose 3 - 2 = 5*m + r, -m - 5*r = 19. What is the greatest common divisor of i and m?
1
Suppose -3*h + 99 = -0*h. Suppose z - 37 = -5*m, 7*z = 3*z - 4*m + 100. What is the greatest common divisor of z and h?
11
Let i(z) = z**3 - 10*z**2 + z - 3. Let j be i(10). Suppose 2*x + 0 = 2*f + 2, 4*x = -5*f + 13. Calculate the greatest common divisor of f and j.
1
Suppose 5*g = 4*x - 288 + 96, x - 48 = 2*g. What is the highest common divisor of 12 and x?
12
Suppose 4*v = 2*z - 4, 0 = -z - 3*v + v + 14. Let a be (8*9)/(1 - 0). Calculate the highest common factor of a and z.
8
Suppose 2*q + 0 - 2 = 0, 2*a = -5*q + 49. Suppose -3*s - 28 = -4*i, 5*s - a = -i + 2*s. What is the greatest common factor of 50 and i?
10
Suppose 0*b + 2*b + 52 = 5*o, 5*o + 3*b = 47. Suppose -6*y + 4*y = -10. Suppose 0*w - y*w = -10. What is the highest common factor of w and o?
2
Let q be (-1)/(1*(-2)/48). What is the greatest common factor of 60 and q?
12
Let y(j) = 21*j**2 - 1. Let d be y(1). Suppose -2*m - 2*m = -d. Let x = -4 + m. Calculate the greatest common divisor of 4 and x.
1
Let w(c) = -c. Let u be w(-13). Calculate the highest common factor of u and 78.
13
Suppose 34 = 4*k - o, 5*k = 8*k - 5*o - 17. Let z be (3/4)/((-1)/(-36)). Calculate the highest common divisor of z and k.
9
Suppose -b - 2*b + 27 = 0. Calculate the greatest common divisor of 117 and b.
9
Let a be 5/6*-3*98/(-5). Calculate the highest common divisor of 7 and a.
7
Let s = 1 - -63. Calculate the greatest common factor of s and 96.
32
Let j be ((-8)/3)/((-16)/(-72)). Let o be 0 + 42*j/(-9). Calculate the highest common factor of 14 and o.
14
Suppose 8 - 7 = x. What is the highest common factor of x and 4?
1
Suppose -5*y = -2*t - 49, -5*y + 5 = 5*t - 30. Calculate the highest common divisor of y and 3.
3
Let c = 5 + 0. Calculate the highest common factor of c and 45.
5
Suppose -168 - 36 = -4*a. Suppose -3*u - 45 - a = 0. Let i = -23 - u. What is the highest common factor of i and 18?
9
Let u be (4/8)/(2/164). Suppose -4*s = -u + 13. Calculate the highest common divisor of 63 and s.
7
Let q be 4 - ((-2)/(-8) + 17/(-4)). What is the greatest common factor of q and 40?
8
Suppose -15*g = -12*g - 78. Calculate the greatest common divisor of g and 78.
26
Let s be (-2 - 2) + 27/3. What is the greatest common factor of 5 and s?
5
Let r be (-105)/(-6)*4/5. Suppose 4*g = -4*b + 328 + 124, 5*b = 2*g - 219. Calculate the highest common divisor of g and r.
14
Let d(b) = -b**3 - 10*b**2 + 13*b + 15. Let g be d(-11). Let t be (-6)/(((-21)/(-8))/g). What is the greatest common factor of t and 16?
16
Suppose 0 = 3*f - 11 - 25. Suppose 0 = -2*d + 4*d - 48. What is the greatest common divisor of f and d?
12
Let w(x) = x**3 - 6*x**2 - 6*x - 6. Let z be w(7). Suppose -3*v - 4*m = -53, 25 = 2*m + 3*m. Let y = v - z. Calculate the greatest common divisor of y and 40.
10
Let c(z) = z**3 - 18*z**2 + 4*z - 24. Let j be c(18). Let w(g) = 2*g**2 + 11*g - 8. Let h be w(-8). Calculate the highest common factor of j and h.
16
Suppose -2*s + 8 = -0*s. What is the highest common divisor of s and 36?
4
Suppose 4*w = 3*h + 108 - 12, -5*h = 5*w + 125. Let y = h + 62. Calculate the greatest common factor of 51 and y.
17
Suppose 2*a - 7 = 5*u - 19, 0 = 4*u + 4*a - 4. Suppose -3*q = -u*q - 72. What is the greatest common divisor of 9 and q?
9
Let z(m) = -m**3 + 7*m**2 - m + 7. Let h be z(7). Suppose h*f = -5*f + 150. Calculate the highest common divisor of 15 and f.
15
Suppose 0*z - 498 = 3*z. Let f = 111 + z. Let r = f + 140. Calculate the highest common divisor of 34 and r.
17
Let s = 19 + -34. Let h = 19 + s. What is the greatest common divisor of h and 10?
2
Let a(f) = f**3 - 16*f**2 - 15*f - 13. Let r be a(17). Calculate the greatest common divisor of 42 and r.
21
Let c be 538/5 - (-4)/10. What is the highest common divisor of 12 and c?
12
Let q be (16/10)/(2/(470/1)). Calculate the highest common factor of 47 and q.
47
Suppose 2*k = 7*k + 1195. Let q = k + 386. Calculate the greatest common divisor of 21 and q.
21
Let d = -3 - -7. Suppose -p - 2*w + 358 = p, -d*w + 896 = 5*p. Suppose -2*j - p = -5*j. What is the greatest common factor of 24 and j?
12
Let p(r) = r**2 - 2*r - 3. Let k be p(4). Let u = k + -1. What is the highest common factor of u and 4?
4
Let w be (2/(-5))/(2/(-850)). Calculate the highest common divisor of 68 and w.
34
Suppose 16 = 4*h + 4. Suppose -273 = -2*v - 3*v + h*d, -v + 50 = 4*d. What is the highest common factor of 135 and v?
27
Let s(p) = p**3 - p**2 + 2*p + 72. Let t be s(0). Calculate the greatest common factor of 9 and t.
9
Let u = -95 - -149. Calculate the highest common factor of 18 and u.
18
Let u be (-199)/(-4) - (-1)/4. Suppose -2*c - 3*c + u = 0. Let r = 47 - 27. What is the greatest common divisor of c and r?
10
Let z(r) = r**2 + 8*r + 2. Let n be z(-9). Let l = -5 - -9. Suppose l*i + v = 6, 2*v - 5 = -i - 0*v. What is the highest common divisor of i and n?
1
Suppose -5*n + 28 = -2. Let p = 8 - n. What is the greatest common factor of 22 and p?
2
Let f = -10 + 17. Let b = 4 + -3. What is the greatest common factor of f and b?
1
Let g = 92 - -6. What is the greatest common divisor of 14 and g?
14
Let d be 1/5 + 1476/(-30). Let g = 5 - d. Calculate the highest common factor of g and 36.
18
Suppose -3 = -p + 15. Calculate the greatest common factor of 6 and p.
6
Let x = -65 - -72. Calculate the greatest common divisor of 1 and x.
1
Suppose 0*i = t + i - 8, -5*t + 4*i = 5. What is the greatest common factor of 1 and t?
1
Suppose 3 + 3 = 3*d. Suppose -5*k + d*c = -220, 4*k - 3*c - 18 = 165. What is the highest common factor of 6 and k?
6
Let q(x) = x**2 - x + 128. Suppose 3*o + 9 = 3*u, -3*u + u - 15 = 5*o. Let j be q(u). What is the greatest common divisor of 16 and j?
16
Let k(h) = -h**3 - h**2 - 1. Let f(g) = -2*g**3 - 11*g**2 + 4*g + 5. Let r(d) = f(d) - 3*k(d). Let u be r(8). Calculate the greatest common factor of u and 5.
5
Let j = 11 + 16. Calculate the highest common factor of 27 and j.
27
Suppose 36 = -0*a + 4*a. Suppose 0 = -2*j - a + 73. Suppose -t = 0, 7*w - 48 = 4*w + 4*